8. Suppose -53*k + 727 = -68. What is p(k)?
2
Let t be (-282)/1551 - (-2)/11. Let x(o) = -o**3 + 2*o**2 - o + 25. Give x(t).
25
Let n(j) = -17*j**3 + 4*j**2 + 3*j - 3. Let i(o) = 4*o**3 + o**2 - o - 1. Let c(t) = 4*i(t) + n(t). Let q be 2/((4/14)/1). What is c(q)?
35
Let q = 25 + -28. Let l(t) be the first derivative of 2*t**2 + 2*t - 14 + 2/3*t**3. Give l(q).
8
Let u(v) = -v**2 + 20*v + 142. Let p = -2331 - -2325. Calculate u(p).
-14
Suppose -266*j - 220 = -286*j. Let u(z) be the second derivative of z**5/20 - 11*z**4/12 - z**3/3 + 3*z**2 + 17*z. Determine u(j).
-16
Let j(i) be the third derivative of 1/12*i**4 - 1/6*i**3 + 0 - 9*i**2 + 0*i. Suppose 2*o = o - 4, -12 = -3*b - 3*o. What is j(b)?
15
Let k(f) = -16*f - 12 - 9*f + 3*f - 7*f - 3*f. Determine k(-1).
20
Let v(k) be the third derivative of -k**5/12 + k**4/6 - k**3/2 - 71*k**2 + 4. Give v(2).
-15
Let u = 124 + -69. Suppose -b - u = 3*r - r, 0 = 5*b + 25. Let p = -24 - r. Let x(w) = -3*w**3 + w**2 + w - 1. Give x(p).
-2
Let z(c) = -1 + 0 + 4*c**2 + 0*c**2 + c + c**3. Let g(r) = r**3 + 12*r**2 - 12*r + 11. Let s(b) = b**2 - 7*b - 7. Let h be s(6). Let w be g(h). Calculate z(w).
5
Suppose 61 = 5*k + 2*q - 44, 3*k - 77 = -4*q. Let i(n) = -n**2 + 16*n + 66. Determine i(k).
9
Let c be (-10)/(-4) + 3/(-6). Suppose 30*k = 89*k. Let z(o) = 3 + 3 + k*o + c*o - 2. What is z(7)?
18
Let t(q) be the first derivative of q**4/4 - q**3/3 - 9*q**2/2 - q + 2988. Give t(4).
11
Let w(z) = -z**2 + 0 + 7*z + 3*z**2 - z**2 + 1. Suppose -2*d - 39 = 5*h, d + 15 = -2*h - 2. Give w(d).
1
Suppose 8*l = -23 + 23. Let a be (l/(4/1))/(-1*4). Let q(k) = -k**2 + 3. What is q(a)?
3
Let l(p) = -3*p**2 - 75*p + 88. Let n be l(-22). Let x(z) = 2 + 22 - 283*z + n*z. Calculate x(-6).
6
Let d be 7/(14/6) + 12. Let q(s) be the first derivative of -s**4/4 + 5*s**3 + s**2/2 - 15*s - 754. Determine q(d).
0
Let r(c) = 1. Let i(v) = 3*v - 3. Let g(q) = -i(q) - r(q). Suppose w - 2*f - 2 = 0, -5*f = -0*f. Let n(s) = -10*s + 5. Let b(h) = w*n(h) - 7*g(h). What is b(0)?
-4
Let v(q) = 11*q + 24. Let u = 1019 + -1022. Give v(u).
-9
Let i(k) = -2 + 41*k**3 + 7*k**2 - 167*k**3 + 46*k**3 + 8*k + 40*k**3 + 41*k**3. Calculate i(-7).
-58
Let w = 250 + -247. Suppose -w - 3 = 3*r, -s = -r + 5. Let p(n) = -n**2 - 8*n - 5. What is p(s)?
2
Let v(s) = 7*s + 13*s + 33*s - 71*s + 5 + 9*s. Determine v(-4).
41
Let f(k) = k**3 + 14*k - 1. Let s be f(0). Let c(y) be the second derivative of 1/2*y**2 + 0 - 7/12*y**4 + y + 1/3*y**3. Give c(s).
-8
Let r(y) = y - 1. Let a(h) = 4*h - 7. Let b(q) = -a(q) + 5*r(q). Suppose 107 = -43*p - 22. What is b(p)?
-1
Let t(c) = c**2 + 10*c + 11. Let k(s) be the first derivative of -s**3/3 - 6*s**2 + 76*s + 43. Let b be k(-17). Determine t(b).
2
Suppose 4*c = 13*c - 432. Let w = c - 52. Let o(f) be the third derivative of f**6/120 + f**5/12 + f**4/4 + f**3 - 27*f**2 + f. Calculate o(w).
-2
Let g(c) = 17*c - 622. Let f(o) = -27*o + 1005. Let q(s) = 13*f(s) + 21*g(s). Let v(b) = b**3 + 4*b**2 - 6*b - 3. Let h be v(-5). What is q(h)?
15
Let s be (-5 - -6) + -1 + 2. Let z be ((s + -5)/(-12))/(3/84). Let t(r) = -r**3 + 8*r**2 - 8*r + 1. Give t(z).
-6
Suppose -628*m + 418*m + 2520 = 0. Let w(r) = 2*r**2 - 18*r + 9. What is w(m)?
81
Let v(f) = 2*f - 34. Let a(g) = 8*g**2 + 7*g - 41. Let t be a(-7). Suppose t + 116 = 22*b. Give v(b).
4
Let n(i) = -13 - 2*i**3 + 1 - 11*i + i**3 + 10*i**2. Let h = 338621 + -338612. Give n(h).
-30
Let o(g) be the second derivative of -9/2*g**2 - 82*g - 1/12*g**4 + 3/2*g**3 + 0. Give o(7).
5
Let v(w) = -19 - 3*w - 34*w + 71*w - w + w. Give v(1).
15
Let l(h) = -8*h**3 + 39*h**2 - 84*h - 237. Let x(o) = 3*o**3 - 13*o**2 + 31*o + 79. Let n(y) = -4*l(y) - 11*x(y). Calculate n(-12).
-5
Let r = 260 - 258. Suppose -i = -4*w + 6, 0 = -r*i - w - 3*w. Let c(n) = 8*n**2 - n - 1. Calculate c(i).
33
Let p(k) = k**3 + 6*k**2 + 15*k - 1. Let t = -14020 + 14016. What is p(t)?
-29
Let x(c) be the first derivative of 35*c**2/2 + 12*c + 42. Let y(g) = 17*g + 5. Let t(w) = 3*x(w) - 7*y(w). Determine t(-1).
15
Suppose 5*l + 5 + 5 = -r, -4*r = -2*l - 26. Suppose 3*u + 1 - 12 = q, -5*q = -r. Let c(y) = y**2 - 10*y + 6. Determine c(u).
-18
Let g(y) = y**3 + 4*y**2 - 5*y - 6. Let w(a) = 226*a + 2481. Let d be w(-11). Give g(d).
-6
Suppose -6*v + v = -25. Let f = -132 + 137. Suppose -f*t + n = 35, -35 = 5*t - v*n + 6*n. Let l(q) = q**2 + 7*q + 6. Determine l(t).
6
Let j(f) = -11962*f**2 - 6*f + 25 - 23*f - f**3 + 11977*f**2. Give j(13).
-14
Let y = -9 - -6. Let w = 199 + -199. Let o be (4 + -9 - y) + (w - -3). Let q(g) = -12*g**2 + 2*g - 1. Determine q(o).
-11
Let j(g) = g**3 - 8*g**2 + 4*g + 41. Let r(y) = 2*y**3 - 7*y**2 + 7*y + 5. Let v be r(2). Give j(v).
20
Suppose 7 + 5 = -4*v. Let k = v - -7. Let c(g) = -4 - 6 + 13 - g**2 - k*g. Calculate c(-5).
-2
Let i(c) = 43*c - 71. Let p(j) = -99*j + 164. Let o(d) = 23*i(d) + 10*p(d). Suppose 4*w + 28 = 4*n - 0*w, -5*n + 35 = 5*w. What is o(n)?
0
Let u(b) = -b**3 - 6*b**2 - 5*b - 4. Suppose -15*n - 56 = -19*n. Suppose -15*d - 79 = -n*d. Let k = 74 + d. What is u(k)?
-4
Let b(u) = -562*u + 13. Let t(y) = -3822*y + 92. Let f(c) = -34*b(c) + 5*t(c). What is f(16)?
-14
Let x(c) = c**2 + 5*c - 8. Let o be -2*1989/18 - -3. Let q = 212 + o. Give x(q).
-2
Let q(d) = 539218*d + 5 - 539224*d - 10*d**2 - 13 + d**3 - 6. Determine q(10).
-74
Let w(u) = u**2 - 25*u - 6. Let g(y) = 103*y + 437. Let k be g(-4). What is w(k)?
-6
Let u(v) be the third derivative of -11*v**5/60 - v**4/8 - v**3/3 + 21*v**2. Let l(q) = -3*q**2 - 5*q - 3. Let m be l(-1). Calculate u(m).
-10
Let o(d) be the second derivative of -d**4/12 + d**3/2 + 5*d**2/2 + 14297*d. Let g = -8 + 13. What is o(g)?
-5
Let l be 7/28 - (-165)/12 - -3. Let c(s) = 10*s + 10*s + 5*s - l*s + 75 - 63 - s**2. Determine c(11).
-21
Let s(w) = 7*w - 2. Let k be ((-9)/4 + 3)*12. Let f(q) = -3*q + 1. Let u(a) = k*f(a) + 4*s(a). Let h be ((0 + 2)/1 + -9)/1. Determine u(h).
-6
Let w(m) = -126*m + 123. Let v(b) = 45*b - 44. Let y(a) = 17*v(a) + 6*w(a). Calculate y(0).
-10
Let r(a) be the second derivative of -4*a**3/3 + 103*a**2 - 27*a - 1. Calculate r(27).
-10
Let w(r) = -29. Let p(i) = 2*i + 23. Let f(q) = p(q) + 2*w(q). Give f(16).
-3
Let i(x) = -2*x - 3. Suppose -10*w + 9*w = -2. Suppose w*g + 2*u - 37 = -21, -g + 3*u - 4 = 0. Give i(g).
-13
Suppose 265*h + 408 + 652 = 0. Let m(o) = -2*o**2 - 20*o - 47. Determine m(h).
1
Let t = -5 - -2. Let p = 252 - 249. Let d(a) = 4 + a - 7 + p*a - 2*a. Determine d(t).
-9
Let n(h) = 4*h - 4. Let w(p) = 4*p - 3. Suppose 3*d - 17 + 2 = 0. Let u be ((-10)/2)/(d/5). Let i(z) = u*w(z) + 4*n(z). What is i(1)?
-5
Suppose -2*q + 64 = -46. Suppose 0 = -23*n + 10*n + 3*n + 90. Suppose t - n = -4*g, 5*t + q = 3*g + 2*g. Let y(b) = -b**3 - 8*b**2 - 9*b - 9. Calculate y(t).
5
Let p(z) = z**3 + 6*z**2 + 3*z + 18. Let q be p(-6). Suppose -2*c - 3*d - 13 = q, -5*d - 22 = 3*c - 3*d. Let o(x) = x**2 + 8*x - 7. Give o(c).
-7
Let y(p) = 4*p**2 - 4*p - 4. Let m(f) = -3*f**2 + 4*f + 3. Let k(d) = -5*m(d) - 4*y(d). Let c = -41 + 57. Suppose 0 = h + 3*h + c. Calculate k(h).
1
Let w(f) = -2*f**2 - 4*f - 1. Let j(g) = g**3 + 42*g**2 + 71*g + 12. Let y(t) = j(t) + 17*w(t). Calculate y(-8).
-29
Let x = 4915 - 4911. Let z(d) be the third derivative of 0*d**3 + 1/24*d**x - 16*d**2 - 7/60*d**5 + 0*d + 0. Calculate z(1).
-6
Let x = -288 - -284. Let f(b) = -9*b**3 - 2*b**2 + 14*b + 2. Let v(c) = 5*c**3 + c**2 - 8*c - 1. Let w(z) = x*f(z) - 7*v(z). Give w(0).
-1
Let x(t) be the first derivative of -t**2/2 - 63. Suppose -29 - 43 = -4*c. Suppose 9 = 3*p, 3*q + p = -4*p + c. Calculate x(q).
-1
Let i = 9571 + -9565. Let q(z) = -z**3 + 8*z**2 - 4*z + 8. Calculate q(i).
56
Let c(k) = -18962 + 19002 - 4*k + 9*k. Calculate c(-11).
-15
Let a(p) be the first derivative of -p**3/3 - 3*p**2 - 3*p - 12. Let o = -56 + 56. Suppose o = -5*l - 5 - 25. What is a(l)?
-3
Let a(c) be the second derivative of -17*c**3/6 + c + 1256. Let m be (2/3)/((-4)/(-6)). Calculate a(m).
-17
Suppose -2*x + 35 = -11. Suppose -10 + 33 = -4*t + j, -5*j = 3*t + x. Let r(c) = -c**3 - 6*c**2 - 2*c - 6. Determine r(t).
6
Let a(y) be the third derivative of y**7/840 - y**6/90 - y**5/40 + y**4/12 + 31*y**3/6 + 86*y**2. Let p(f) be the first derivative of a(f). What is p(5)?
12
Suppose 